e t + m*s = v, -t + 0*s - s = 0. What is h(t)?
10
Let p be 1/(2 + 5/(-3)). Suppose -19 = -3*t - 5*q, -t + 13 = 2*q + p*q. Let z(c) = 6*c + 3*c**3 + 2*c**3 + t*c**3 - 5 - 7*c**3 + 6*c**2. What is z(-5)?
-10
Let b(o) = 4*o**2 - 2*o + 1. Let j be b(1). Suppose 0 = j*x - 4 - 14. Let f(h) = -h + 4. Give f(x).
-2
Let u(v) = -11 - 3 + 1 - v. Let q be u(-12). Let k(t) = -t**3 - 1. Give k(q).
0
Let k(y) be the second derivative of 0 + 3*y - 3*y**2 - 1/2*y**3. Calculate k(-4).
6
Let d(l) be the second derivative of l**6/120 + l**5/12 + l**4/12 - 2*l**2 - l. Let b(q) be the first derivative of d(q). Suppose o + 1 + 4 = 0. Give b(o).
-10
Let n = 34 + -28. Let p(l) = l**2 - 4*l - 3. Calculate p(n).
9
Suppose 5*u + 3 = 13. Suppose -u*y + 2 = -0*y. Let f(o) = -5*o**3 + o**2 + 2*o + 4. Let h(r) = -r - 1. Let b(w) = f(w) + 3*h(w). Determine b(y).
-4
Let a(f) = -3*f**2 + f + 4. Let b be a(-3). Let p be (-178)/b - (-6)/39. Let c = 5 - p. Let o(x) = 3*x**2 + 2*x - 2. Calculate o(c).
6
Let d(c) = -c + 1. Let w = -4 - 3. Let q(n) = -n**3 - 8*n**2 - 7*n - 4. Let y be q(w). Calculate d(y).
5
Let u(n) be the first derivative of -n**3/3 - n**2/2 + 21. What is u(-1)?
0
Suppose -20 - 4 = -3*l. Let p be (-5)/20 + 2/l. Let a(v) = v**2 - v - 6. Determine a(p).
-6
Suppose -4*o = -3*r - 24, -40 = -5*o - 3*r - 10. Let f be -2*(-3)/2*1. Suppose f*v - 18 = o*v. Let t(y) = -y**3 - 5*y**2 + 6*y + 6. What is t(v)?
6
Let y = 13 + -18. Let c(x) = -2*x + 6. What is c(y)?
16
Let t = -4 + -3. Let v = 7 + t. Let l(b) = 2 - 3 + v - 3*b. Calculate l(-3).
8
Let g(d) be the second derivative of -d**3/6 - d**2 + d. Let w(j) = -3*j - 3. Let n(f) = 5*g(f) - 2*w(f). Suppose k + 5 = 5. Calculate n(k).
-4
Let t(y) = -2*y**2 - 3*y - 4. Let r(o) = -o - 1. Let i(k) = 3*r(k) - t(k). Determine i(-1).
3
Let p be ((-6)/(-2))/(6/4). Let g(t) = 3*t**2 - 4*t**2 + 2*t**p + 2*t - 3. What is g(2)?
5
Let g(d) be the second derivative of -d**5/20 + d**4/3 + 4*d**3/3 - 2*d**2 + 8*d. Determine g(5).
11
Suppose r + 3 = 4*w, -w + 3*r = 8*r - 27. Let d(q) = -3*q**2 + q + 1 - 3*q + 4*q. Let j(n) = 16*n**2 - 11*n - 5. Let v(y) = w*j(y) + 11*d(y). Calculate v(-2).
-3
Let c(n) be the third derivative of -n**6/120 + n**5/15 + n**4/24 - n**2. Calculate c(4).
4
Suppose -4 - 16 = 5*x. Let a be (6 + -5)/((-1)/x). Let n(p) = -p**3 + 2*p**2 + 4*p + 4. Calculate n(a).
-12
Let k(r) = r**3 + 10*r**2 - 10*r + 8. Let o be -9 - (-5 + 7) - 0. Determine k(o).
-3
Let v(a) = 4*a - 2*a - 2 + 2*a**2 - 2*a**3 + 3. Let k be -6*2/(-4) + 2. Suppose 7*m - 2*m = -k. What is v(m)?
3
Let d(y) be the first derivative of -5*y**3 - y**2 - y - 21. Determine d(-1).
-14
Let k be 2/2 + -4 + 6. Let a(m) = -k - 7*m - m**2 - 1 - 3. Determine a(-6).
-1
Let y(m) be the first derivative of -2 + 1/2*m**2 + 1/3*m**3 - 2*m. Give y(-2).
0
Let i be 1/3 + (-255)/(-45). Let v(d) = d**2 - 5*d - 4. What is v(i)?
2
Let a(g) = g - 2. Let r be 86/12 - 1/6. Suppose 5*p - 13 = r. Determine a(p).
2
Let c(p) = -p**2 + 4*p + 4. Let l be c(5). Let m be 4*(-2 - -3) - 0. Let j(d) = -m*d**2 - 2*d + 0*d - 1 + d**2. Calculate j(l).
-2
Let u(h) = -1 + 0*h + 0*h + 4*h - 6*h. What is u(-1)?
1
Let v(l) = 2*l - 2. Let i be v(1). Let w(c) = -2*c**2 + i*c**2 + 2*c - 6 + 3*c**2. Let u(j) = 2*j - 1. Let x be u(-2). Give w(x).
9
Let n(z) = 3*z + 1. Let f(r) = 4*r + 2. Let h(i) = 5*f(i) - 7*n(i). Let x be 6/(-1) - 0 - -1. Determine h(x).
8
Let u(t) = t + 1. Let l(r) = -2*r - 3. Let z be (6/4)/((-15)/(-20)). Suppose w + w = -4*m - 10, -3*w + 20 = -m. Let o(j) = w*u(j) + z*l(j). What is o(-3)?
-4
Let s(d) = -d + 2. Let i be s(0). Suppose -i*l = l + 3. Let o(u) = 2*u. Determine o(l).
-2
Let k(x) be the third derivative of -5/24*x**4 + 0*x**3 + 0 - 2*x**2 + 0*x. Give k(2).
-10
Let o(r) = -2*r. Let h be 18/45 + 2/(-5). Suppose 3 = 2*i - 3. Let m = h - i. What is o(m)?
6
Let g(a) = -a**2 + 3*a + 7. Let i = 1 - -4. Calculate g(i).
-3
Let f(l) = 4*l**2 + 10*l - 2. Let b(q) = 3*q**2 + 9*q - 1. Let h(o) = -5*b(o) + 4*f(o). Let y(v) = -2*v - 3 + 0*v - 5. Let w be y(-6). Calculate h(w).
-7
Let k(h) = -h**2 - h + 4. Suppose -28*w + 25*w - 12 = 0. Calculate k(w).
-8
Let c(j) = 3*j - 3. Suppose 2*t = t - 1, -4*t = 4*v - 16. Calculate c(v).
12
Let i(b) = -b**3 + 4*b**2 - 2*b. Let u = 3 + 2. Let o = u + -1. Determine i(o).
-8
Suppose -3*d - 10 = 2. Let t = -7 - -9. Let q(v) = t*v**2 + v**3 + 0 - 6*v + v**2 - 3. Determine q(d).
5
Let z(n) = 3*n**2 + n**2 - 1 - 3*n**2 + n**3 + 2*n**2. What is z(-2)?
3
Let j(u) be the first derivative of -7*u**4/4 - u**3/3 + u + 20. Determine j(1).
-7
Suppose -5*v - 10 = 3*i, -3*i + 2*v - 6 - 11 = 0. Let s(c) be the first derivative of -c**4/4 - 2*c**3 - 3*c**2 + c - 512. Calculate s(i).
6
Let p(h) = h**3 + 7*h**2 + 3*h - 7. Let a(l) = -2*l**2 - 6*l - 6. Let c be a(-3). Give p(c).
11
Let j(b) = -b. Let z be j(-1). Let h(a) = a**2 - a + 4*a**2 - z + a**2 - a**3. Give h(6).
-7
Let y(m) = m**3 + 2*m**2 - m + 1. Let w be y(-2). Let s(q) be the second derivative of -1/6*q**3 + 0 - q**2 + 3*q. Calculate s(w).
-5
Let u(w) = w**3 - 4*w**2. Let x be u(4). Let z(y) = -y**2 - y + 2. Let t be z(x). Let h(v) = -v**2 - v**2 - 3*v - v**3 + 2 + 1 + t*v**3. Calculate h(2).
-3
Let w(q) be the third derivative of -2*q**2 + 1/24*q**4 + 0 + 0*q + 5/6*q**3. Determine w(0).
5
Let o(a) be the first derivative of a**5/20 - a**4/4 - a**3/3 + 3*a - 3. Let v(h) be the first derivative of o(h). Determine v(3).
-6
Let o(y) = -10*y + 1. Suppose 2*v - 1 = u, u + 1 = -2. What is o(v)?
11
Let u(w) be the first derivative of -3*w**3 - w**2 + w - 3. Let d(s) = s + 6. Let k be d(-4). Suppose r - 3 = -k. What is u(r)?
-10
Let d(f) = f**3 - f**2 + 11. Suppose -4*v + 11 + 9 = 0, -3*s + 29 = 4*v. Suppose -2*w - 2*k - 2 = 0, s*w + 5*k = -4 - 1. Give d(w).
11
Let g(l) = -l - 6. Let v(o) = o**3 - 11*o**2 - 6. Let w be v(11). Give g(w).
0
Let b be 0 + (-3 - (-6 + -2)) + -3. Let o(d) = -2*d**3 + 3*d**2 - 2*d - 2. What is o(b)?
-10
Let h(s) = s**3 + 1. Let j(u) = 4*u**3 - 5*u**2 - 3*u + 9. Let p(a) = 5*h(a) - j(a). Let v = -9 - -5. Calculate p(v).
0
Let n(x) be the third derivative of x**7/2520 + x**6/240 + x**5/60 - x**4/8 + 6*x**2. Let s(d) be the second derivative of n(d). Calculate s(-4).
6
Let i = 25 + -18. Let q(m) be the first derivative of 3*m + 4*m**2 - i*m - 3*m**2 + 1. Give q(5).
6
Let c(n) = 8*n**2 - 1. Let t(p) be the second derivative of -p**5/20 + p**3/6 - 7*p**2/2 + 2*p. Let k be t(0). Let l be 20/(-28) - (-2)/k. Determine c(l).
7
Suppose 40 = 4*k + 2*r, -4*r + 21 = 4*k - 19. Suppose 0*j = 3*j - 5*f - 15, -2*j = 3*f - k. Suppose -4*x + j*x - 4 = 0, 4*b = -x. Let o(v) = 2*v - 1. Give o(b).
-3
Let g be (-120)/(-55) - 4/22. Suppose -i + 4 = g*j, 10 = 3*j + 2*j - 5*i. Let m(v) be the first derivative of v**4/4 - v**3/3 + 2*v - 2. Determine m(j).
6
Let c(o) = -4*o + o**2 - 2*o**2 - 3 + 2*o**2. Let r(j) = -j**3 - j + 4. Let z be r(0). Determine c(z).
-3
Let p(f) = -2*f**2 - f + 11. Let k(d) = 3*d**2 + d - 17. Let z(m) = 5*k(m) + 8*p(m). Calculate z(-3).
3
Let w(h) = h**3 - 5*h**2 - 3*h + 6. Let q be w(5). Let l be 2/q - 137/(-9). Suppose n - 6*n = -l. Let r(u) = -u**2 + 4*u + 1. Calculate r(n).
4
Suppose -4*w + 5*t = 11, 4*w + 0*w + 3*t + 51 = 0. Let v(a) = -a**2 - 9*a - 3. What is v(w)?
-3
Let p(y) be the second derivative of -3*y**2 + 0 + 3*y - 1/6*y**3. What is p(0)?
-6
Let r(v) = 3*v - 8*v + 3 + 1 - v + 2*v**2. Calculate r(4).
12
Let n(y) be the third derivative of 1/6*y**3 + 0 + 0*y - 2*y**2 + 1/60*y**5 - 1/6*y**4. Give n(3).
-2
Let a(p) = -p + 5. Let b(c) = -c + 1. Suppose -5*o + 3*f + 0*f - 29 = 0, -4*f + 12 = 0. Let l be b(o). Calculate a(l).
0
Let w = -18 - -28. Let j be ((-132)/w)/((-2)/5). Suppose k = -3*o + 17, -4*k - 2*o = k - j. Let i(v) = 3*v - 6. What is i(k)?
9
Let v(r) be the first derivative of r**5/60 - 5*r**4/24 + r**3/3 - r**2/2 + 3. Let a(n) be the second derivative of v(n). Let q = 0 + 3. What is a(q)?
-4
Let d(w) = w**2 + 1. Let j be d(2). Let s = 8 + 1. Let g(a) = s + 3*a + 2*a - 4*a - 2*a. Give g(j).
4
Let i(w) = 1 + 8*w**2 + w + 2*w - 10*w**2 - w. Determine i(2).
-3
Let b be (-5)/2*30/(-25). Let s(p) = -3*p - 2. Calculate s(b).
-11
Let d(z) be the second derivative of -z**4/12 + z**3/3 - z**2/2 + 2*z. Suppose 0*v = 2*v. Suppose v = 5*n, -3*n = -w - 2*n + 2. Calculate d(w).
-1
Let x(p